{"id":5,"date":"2022-11-03T09:22:40","date_gmt":"2022-11-03T08:22:40","guid":{"rendered":"https:\/\/associationregardspartages33.wordpress.com\/home\/"},"modified":"2023-03-13T19:59:38","modified_gmt":"2023-03-13T19:59:38","slug":"home","status":"publish","type":"page","link":"https:\/\/regardspartages33.fr\/","title":{"rendered":"ACCUEIL"},"content":{"rendered":"\n<p>L&rsquo; Association Regards Partag\u00e9s a pour but de promouvoir des s\u00e9ances de m\u00e9diation animale dans les \u00e9tablissements de soins, maison de retraite. <\/p>\n\n\n\n<p> Muriel intervient b\u00e9n\u00e9volement avec sa chienne Border Collie Lila afin d&rsquo;apporter un moment de bien \u00eatre, un temps autre dans la maladie.<\/p>\n\n\n\n<p>Lila est une chienne \u00e9duqu\u00e9e et qui a eu une \u00e9valuation comportementale conforme \u00e0 la m\u00e9diation animale.<\/p>\n\n\n\n<p>Nous serions tr\u00e8s heureuses de partager des moments avec les b\u00e9n\u00e9ficiaires et de vous faire part de notre exp\u00e9rience.<\/p>\n\n\n\n<p>                                                                                                 A bient\u00f4t<\/p>\n\n\n\n<p class=\"has-text-align-right\">Muriel &amp; Lila<\/p>\n\n\n\n<div style=\"height:100px\" aria-hidden=\"true\" class=\"wp-block-spacer\"><\/div>\n\n\n\n<figure class=\"wp-block-image size-large\"><img decoding=\"async\" src=\"https:\/\/associationregardspartages33.files.wordpress.com\/2022\/11\/img-3237.jpg?w=768\" alt=\"\" class=\"wp-image-10\"\/><\/figure>\n\n\n\n<div class=\"is-layout-flex wp-container-1 wp-block-columns alignwide\"><\/div>\n","protected":false},"excerpt":{"rendered":"<p>L&rsquo; Association Regards Partag\u00e9s a pour but de promouvoir des s\u00e9ances de m\u00e9diation animale dans les \u00e9tablissements de soins, maison de retraite. Muriel intervient b\u00e9n\u00e9volement avec sa chienne Border Collie Lila afin d&rsquo;apporter un moment de bien \u00eatre, un temps autre dans la maladie. Lila est une chienne \u00e9duqu\u00e9e et qui a eu une \u00e9valuation<a class=\"more-link\" href=\"https:\/\/regardspartages33.fr\/\">Lire la suite <span class=\"screen-reader-text\">\u00ab\u00a0ACCUEIL\u00a0\u00bb<\/span><\/a><\/p>\n","protected":false},"author":1,"featured_media":10,"parent":0,"menu_order":0,"comment_status":"closed","ping_status":"closed","template":"","meta":[],"yoast_head":"<!-- This site is optimized with the Yoast SEO plugin v19.13 - https:\/\/yoast.com\/wordpress\/plugins\/seo\/ -->\n<title>ACCUEIL - regardspartages33.fr<\/title>\n<meta name=\"robots\" content=\"index, follow, max-snippet:-1, max-image-preview:large, max-video-preview:-1\" \/>\n<link rel=\"canonical\" href=\"https:\/\/regardspartages33.fr\/\" \/>\n<meta property=\"og:locale\" content=\"fr_FR\" \/>\n<meta property=\"og:type\" content=\"article\" \/>\n<meta property=\"og:title\" content=\"ACCUEIL - regardspartages33.fr\" \/>\n<meta property=\"og:description\" content=\"L&rsquo; Association Regards Partag\u00e9s a pour but de promouvoir des s\u00e9ances de m\u00e9diation animale dans les \u00e9tablissements de soins, maison de retraite. Muriel intervient b\u00e9n\u00e9volement avec sa chienne Border Collie Lila afin d&rsquo;apporter un moment de bien \u00eatre, un temps autre dans la maladie. Lila est une chienne \u00e9duqu\u00e9e et qui a eu une \u00e9valuationLire la suite &quot;ACCUEIL&quot;\" \/>\n<meta property=\"og:url\" content=\"https:\/\/regardspartages33.fr\/\" \/>\n<meta property=\"og:site_name\" content=\"regardspartages33.fr\" \/>\n<meta property=\"article:modified_time\" content=\"2023-03-13T19:59:38+00:00\" \/>\n<meta property=\"og:image\" content=\"https:\/\/regardspartages33.fr\/wp-content\/uploads\/2022\/11\/img-3237-scaled.jpg\" \/>\n\t<meta property=\"og:image:width\" content=\"1920\" \/>\n\t<meta property=\"og:image:height\" content=\"2560\" \/>\n\t<meta property=\"og:image:type\" content=\"image\/jpeg\" \/>\n<meta name=\"twitter:card\" content=\"summary_large_image\" \/>\n<meta name=\"twitter:label1\" content=\"Dur\u00e9e de lecture estim\u00e9e\" \/>\n\t<meta name=\"twitter:data1\" content=\"1 minute\" \/>\n<script type=\"application\/ld+json\" class=\"yoast-schema-graph\">{\"@context\":\"https:\/\/schema.org\",\"@graph\":[{\"@type\":\"WebPage\",\"@id\":\"https:\/\/regardspartages33.fr\/\",\"url\":\"https:\/\/regardspartages33.fr\/\",\"name\":\"ACCUEIL - regardspartages33.fr\",\"isPartOf\":{\"@id\":\"https:\/\/regardspartages33.fr\/#website\"},\"datePublished\":\"2022-11-03T08:22:40+00:00\",\"dateModified\":\"2023-03-13T19:59:38+00:00\",\"breadcrumb\":{\"@id\":\"https:\/\/regardspartages33.fr\/#breadcrumb\"},\"inLanguage\":\"fr-FR\",\"potentialAction\":[{\"@type\":\"ReadAction\",\"target\":[\"https:\/\/regardspartages33.fr\/\"]}]},{\"@type\":\"BreadcrumbList\",\"@id\":\"https:\/\/regardspartages33.fr\/#breadcrumb\",\"itemListElement\":[{\"@type\":\"ListItem\",\"position\":1,\"name\":\"Accueil\",\"item\":\"https:\/\/regardspartages33.fr\/\"},{\"@type\":\"ListItem\",\"position\":2,\"name\":\"ACCUEIL\"}]},{\"@type\":\"WebSite\",\"@id\":\"https:\/\/regardspartages33.fr\/#website\",\"url\":\"https:\/\/regardspartages33.fr\/\",\"name\":\"regardspartages33.fr\",\"description\":\"\",\"publisher\":{\"@id\":\"https:\/\/regardspartages33.fr\/#organization\"},\"potentialAction\":[{\"@type\":\"SearchAction\",\"target\":{\"@type\":\"EntryPoint\",\"urlTemplate\":\"https:\/\/regardspartages33.fr\/?s={search_term_string}\"},\"query-input\":\"required name=search_term_string\"}],\"inLanguage\":\"fr-FR\"},{\"@type\":\"Organization\",\"@id\":\"https:\/\/regardspartages33.fr\/#organization\",\"name\":\"regardspartages33.fr\",\"url\":\"https:\/\/regardspartages33.fr\/\",\"logo\":{\"@type\":\"ImageObject\",\"inLanguage\":\"fr-FR\",\"@id\":\"https:\/\/regardspartages33.fr\/#\/schema\/logo\/image\/\",\"url\":\"https:\/\/regardspartages33.fr\/wp-content\/uploads\/2022\/12\/cropped-logo-Mumu-scaled-1.jpg\",\"contentUrl\":\"https:\/\/regardspartages33.fr\/wp-content\/uploads\/2022\/12\/cropped-logo-Mumu-scaled-1.jpg\",\"width\":512,\"height\":512,\"caption\":\"regardspartages33.fr\"},\"image\":{\"@id\":\"https:\/\/regardspartages33.fr\/#\/schema\/logo\/image\/\"}}]}<\/script>\n<!-- \/ Yoast SEO plugin. -->","yoast_head_json":{"title":"ACCUEIL - regardspartages33.fr","robots":{"index":"index","follow":"follow","max-snippet":"max-snippet:-1","max-image-preview":"max-image-preview:large","max-video-preview":"max-video-preview:-1"},"canonical":"https:\/\/regardspartages33.fr\/","og_locale":"fr_FR","og_type":"article","og_title":"ACCUEIL - regardspartages33.fr","og_description":"L&rsquo; Association Regards Partag\u00e9s a pour but de promouvoir des s\u00e9ances de m\u00e9diation animale dans les \u00e9tablissements de soins, maison de retraite. Muriel intervient b\u00e9n\u00e9volement avec sa chienne Border Collie Lila afin d&rsquo;apporter un moment de bien \u00eatre, un temps autre dans la maladie. Lila est une chienne \u00e9duqu\u00e9e et qui a eu une \u00e9valuationLire la suite \"ACCUEIL\"","og_url":"https:\/\/regardspartages33.fr\/","og_site_name":"regardspartages33.fr","article_modified_time":"2023-03-13T19:59:38+00:00","og_image":[{"width":1920,"height":2560,"url":"https:\/\/regardspartages33.fr\/wp-content\/uploads\/2022\/11\/img-3237-scaled.jpg","type":"image\/jpeg"}],"twitter_card":"summary_large_image","twitter_misc":{"Dur\u00e9e de lecture estim\u00e9e":"1 minute"},"schema":{"@context":"https:\/\/schema.org","@graph":[{"@type":"WebPage","@id":"https:\/\/regardspartages33.fr\/","url":"https:\/\/regardspartages33.fr\/","name":"ACCUEIL - regardspartages33.fr","isPartOf":{"@id":"https:\/\/regardspartages33.fr\/#website"},"datePublished":"2022-11-03T08:22:40+00:00","dateModified":"2023-03-13T19:59:38+00:00","breadcrumb":{"@id":"https:\/\/regardspartages33.fr\/#breadcrumb"},"inLanguage":"fr-FR","potentialAction":[{"@type":"ReadAction","target":["https:\/\/regardspartages33.fr\/"]}]},{"@type":"BreadcrumbList","@id":"https:\/\/regardspartages33.fr\/#breadcrumb","itemListElement":[{"@type":"ListItem","position":1,"name":"Accueil","item":"https:\/\/regardspartages33.fr\/"},{"@type":"ListItem","position":2,"name":"ACCUEIL"}]},{"@type":"WebSite","@id":"https:\/\/regardspartages33.fr\/#website","url":"https:\/\/regardspartages33.fr\/","name":"regardspartages33.fr","description":"","publisher":{"@id":"https:\/\/regardspartages33.fr\/#organization"},"potentialAction":[{"@type":"SearchAction","target":{"@type":"EntryPoint","urlTemplate":"https:\/\/regardspartages33.fr\/?s={search_term_string}"},"query-input":"required name=search_term_string"}],"inLanguage":"fr-FR"},{"@type":"Organization","@id":"https:\/\/regardspartages33.fr\/#organization","name":"regardspartages33.fr","url":"https:\/\/regardspartages33.fr\/","logo":{"@type":"ImageObject","inLanguage":"fr-FR","@id":"https:\/\/regardspartages33.fr\/#\/schema\/logo\/image\/","url":"https:\/\/regardspartages33.fr\/wp-content\/uploads\/2022\/12\/cropped-logo-Mumu-scaled-1.jpg","contentUrl":"https:\/\/regardspartages33.fr\/wp-content\/uploads\/2022\/12\/cropped-logo-Mumu-scaled-1.jpg","width":512,"height":512,"caption":"regardspartages33.fr"},"image":{"@id":"https:\/\/regardspartages33.fr\/#\/schema\/logo\/image\/"}}]}},"jetpack_sharing_enabled":false,"_links":{"self":[{"href":"https:\/\/regardspartages33.fr\/index.php?rest_route=\/wp\/v2\/pages\/5"}],"collection":[{"href":"https:\/\/regardspartages33.fr\/index.php?rest_route=\/wp\/v2\/pages"}],"about":[{"href":"https:\/\/regardspartages33.fr\/index.php?rest_route=\/wp\/v2\/types\/page"}],"author":[{"embeddable":true,"href":"https:\/\/regardspartages33.fr\/index.php?rest_route=\/wp\/v2\/users\/1"}],"replies":[{"embeddable":true,"href":"https:\/\/regardspartages33.fr\/index.php?rest_route=%2Fwp%2Fv2%2Fcomments&post=5"}],"version-history":[{"count":3,"href":"https:\/\/regardspartages33.fr\/index.php?rest_route=\/wp\/v2\/pages\/5\/revisions"}],"predecessor-version":[{"id":276,"href":"https:\/\/regardspartages33.fr\/index.php?rest_route=\/wp\/v2\/pages\/5\/revisions\/276"}],"wp:featuredmedia":[{"embeddable":true,"href":"https:\/\/regardspartages33.fr\/index.php?rest_route=\/wp\/v2\/media\/10"}],"wp:attachment":[{"href":"https:\/\/regardspartages33.fr\/index.php?rest_route=%2Fwp%2Fv2%2Fmedia&parent=5"}],"curies":[{"name":"wp","href":"https:\/\/api.w.org\/{rel}","templated":true}]}}